 - 7. Let h be a(-6). Suppose -u + 425 = -h*j + 4, -u + 417 = -4*j. What is the tens digit of u?
0
Let h = 200 + -164. What is the hundreds digit of (-12)/16 + 6219/h?
1
What is the hundreds digit of (-1 - 11)/12*-137?
1
Let x(l) = l**3 + 9*l**2 - l - 9. Let r be x(5). What is the tens digit of (6336/r)/((-1)/(-14))?
6
Suppose i + 4*m - 5*m + 2 = 0, -4*i = -m - 4. Suppose -3*c - 3*l + 0*l + 81 = 0, 156 = 5*c - i*l. Let v = -5 + c. What is the units digit of v?
5
Let l(v) = v**3 - 5*v**2 - 2*v + 6. Suppose -4*a = 4*w - 2*a - 10, 0 = 3*w + a - 9. Suppose k - w = 3. What is the units digit of l(k)?
0
Let n(g) = 10*g**3 + 5*g**2 - 3*g - 1. Let j be n(1). Suppose 0 = 6*y - j*y + 40. What is the units digit of y?
8
Let q = -67 - -69. What is the tens digit of (1/q - 155/(-2)) + -1?
7
Let j(s) = -s**2 - 2*s. Let a be j(-2). Suppose 6 = 8*c - 5*c. Suppose a = -4*l + 30 + c. What is the units digit of l?
8
Suppose -2*n = z - 9, 4*z + 3*n - 36 - 5 = 0. Suppose -z*r = -9*r - 18. What is the units digit of r?
9
Let t(b) = 17*b**2 - 59*b - 154. What is the tens digit of t(-17)?
6
Let l(w) = 42*w + 25. Let d = 235 - 230. What is the tens digit of l(d)?
3
Let p(c) = 13*c**3 - 2*c + 3 - 3*c**2 - 22*c**3 - 8*c**3 + 1. What is the tens digit of p(-3)?
4
Suppose -d = 3*d - 2*a - 10, 5*a - 5 = 0. Let p be -1 + 1 - (-3 + 3 - d). Suppose -p*q = -343 - 5. What is the tens digit of q?
1
Let k(w) = 11*w**2 + 13*w + 12. Let u(j) = -6*j**2 - 7*j - 6. Let i(c) = -3*k(c) - 5*u(c). Let a be i(4). What is the units digit of (28/a)/((-1)/20)?
8
Let o(p) = -p + 19. Let v be o(16). Suppose 4*f - k = -3*k + 8, -6 = -v*f - 2*k. Let m(n) = 43*n**2 - 3*n - 2. What is the hundreds digit of m(f)?
1
Suppose t + 2*o = 21010, 8*o - 147103 = -7*t + 5*o. What is the ten thousands digit of t?
2
Suppose -164*d - 517647 = -199*d + 44068. What is the hundreds digit of d?
0
Suppose -52*d - 12818 = -p - 50*d, 5*p + d - 64035 = 0. What is the units digit of p?
8
Suppose 20*d = 521022 + 179678. What is the hundreds digit of d?
0
Let y = 140 + -134. Suppose -y*i - 5*r = -3*i - 1205, 0 = 5*i + 2*r - 1983. What is the tens digit of i?
9
Let p(i) = 2*i**3 + 65*i**2 + 50*i - 33. What is the thousands digit of p(-28)?
5
Let k(i) = i**2 + 7*i + 15. Let b = -13 + 8. Let o be k(b). Suppose -313 = -o*z + 92. What is the units digit of z?
1
Suppose -440 = -19*z + 263. Suppose 2*y - 7*y - 15 = 0. What is the units digit of 1*(y - z*-2)?
1
Let y(u) = -257*u - 8. Suppose -1280*s + 1275*s = 30. What is the tens digit of y(s)?
3
Let o(k) = -k**3 - 5*k**2 + 16*k - 6. Let w(q) = -2*q**3 - 4*q**2 + 15*q - 5. Let j(l) = -2*o(l) + 3*w(l). What is the units digit of j(-6)?
1
Let c(z) = 194*z + 11. Let j = -322 - -325. What is the tens digit of c(j)?
9
Suppose 10*m - 2839 = -7*m. Suppose 5*l = 963 + m. What is the units digit of l?
6
Let i(m) = 13*m**2 - 299*m + 21. What is the tens digit of i(32)?
6
What is the units digit of (7 + 4)*2493*15/9?
5
Let z(g) = g + 3. Let p be z(-4). Let n(y) be the second derivative of -22*y**3 + y**2 + 226*y. What is the hundreds digit of n(p)?
1
Let g be 2*((-1935)/(-2))/5. Let o(j) = -2*j + 8. Let l be o(3). Suppose 55 - 252 = -d + 3*k, 0 = l*d + k - g. What is the units digit of d?
4
What is the tens digit of 30/(-70) + ((-22644)/(-14))/1 + 3?
2
Let c = 160 - 153. Suppose 5*l = c*l - 376. What is the tens digit of l?
8
What is the units digit of -5*(-3)/(-90)*-16*114/8?
8
Let f = -155 + 240. Suppose -79*u + f*u = 3732. What is the units digit of u?
2
Let q(g) = -449*g - 1667. What is the tens digit of q(-12)?
2
Let f = 57 + -45. Suppose 0 = -d - 3*a + 1, 4*a + f = -0*a. Let o(x) = 14*x - 30. What is the tens digit of o(d)?
1
Suppose f = 4*k + 12, 2*f + 3 = k - 2*k. Suppose -4*s + 2*l + l + 1872 = f, -3*s = -5*l - 1415. What is the units digit of s?
5
Let n(w) = 58*w**2 - 41*w - 6. Let z(s) = -2*s**2 + 64*s - 4. Let o be z(32). What is the tens digit of n(o)?
8
Let l(q) = -14*q**3 - 2*q**2 - 4*q. Let k = -237 + 235. What is the units digit of l(k)?
2
Suppose 0 = 4*d - c - 128, -c = 2*d + 4*c - 64. Suppose -67 = -w + 5*b, -31*b + d*b = -w + 79. What is the units digit of w?
7
Let k = -7398 - -10085. What is the units digit of k?
7
Let p = -1675 + 3417. Suppose -2*x = 5*h - 0*x - p, h + 3*x - 338 = 0. Let v = h - 207. What is the units digit of v?
3
Let w(r) = 19*r + 3. Let y(n) = 18*n + 4. Let f be (-5 + -1)*(3 - (3 + -1)). Let q(h) = f*y(h) + 5*w(h). What is the units digit of q(-4)?
3
Let n(b) = b**2 + 11*b - 100. Let x be n(-17). What is the hundreds digit of (11 - 36)/((-1)/24*x)?
3
Let y be 3*((-16)/12 - -2). Suppose 3*a - 34 = 5*h, -y*h = -11 + 3. Let b = 68 - a. What is the tens digit of b?
5
Let l(v) = 6*v**3 + 61*v**2 + 5*v + 20. Let f(m) = m**3 + 10*m**2. Let h(i) = 5*f(i) - l(i). Let c be (-11)/(-3)*-1*3. What is the units digit of h(c)?
5
Let b(z) = z**2 + 1 - 5 + 9*z - 2*z**2 + 2*z**2. Let h be b(-8). What is the tens digit of (-590)/h - (-5)/(-30)?
4
Let v = -322 + 308. Let u(a) = 3*a**2 - 10*a - 169. What is the hundreds digit of u(v)?
5
Let y(d) = -d + 11*d + 79 + 69 - 7*d. What is the units digit of y(28)?
2
Let w(c) be the first derivative of -c**4/4 - 4*c**3/3 + 4*c**2 - 29*c + 102. What is the units digit of w(-13)?
8
Suppose 0 = 42*f - 38*f. Let r(p) = f + p**2 - 11 + 8 + 7*p. What is the units digit of r(3)?
7
Let z be 10 + (-1)/((-1)/2). Suppose -3*u = z, -4 - 56 = -3*n + 3*u. Suppose 0 = -17*y + n*y + 62. What is the units digit of y?
2
Let d = 45247 - 29700. What is the hundreds digit of d?
5
Let p(c) = 8*c**3 + 15*c**2 - 56*c - 63. What is the thousands digit of p(8)?
4
Suppose 4*d + 1825 = i, -3*i - i + 3*d = -7391. What is the thousands digit of i?
1
Let j = 178 + -173. Let g(o) = o**2 + o - 1. What is the units digit of g(j)?
9
Suppose -33*c + 46500 = -27*c. What is the hundreds digit of c?
7
Let w be 2/8 - ((-10168)/32 - -9). Suppose w = -5*d + 8*d. What is the hundreds digit of d?
1
Suppose -5*x + 15353 = -q - 75484, -2*x + 36333 = -q. What is the ten thousands digit of x?
1
Let s be 0/(-5) - (-13 - 1). Suppose 0 = s*t - 4*t - 40. What is the tens digit of 94 - t/(2/(-2))?
9
Let m(o) = 5*o + 5. Let w be m(28). Let g = w + 347. What is the tens digit of g?
9
Let y(x) = -x**3 - 9*x**2 + 7*x - 24. Let g be y(-10). Suppose g*z + 6 = 18. Suppose n + 6*m - 268 = z*m, -m + 1 = 0. What is the hundreds digit of n?
2
Let m = 78558 + -24751. What is the units digit of m?
7
Suppose 101*u + 441887 = 1830738. What is the hundreds digit of u?
7
Suppose 3*d - 27927 = -1628 + 9650. What is the ten thousands digit of d?
1
Suppose 3*v - 42 = 2*p, 3*p = -2*p. Suppose 0 = m - 3*k - v, 2*m - 5*m - 8 = k. What is the units digit of (m - -21 - 2)/((-12)/(-8))?
2
Let f(o) = -2*o + 10. Let v be f(16). Let n = 42 + v. Suppose 4*i - n = 0, 6*m - 170 = 2*m + 2*i. What is the units digit of m?
5
Let q(w) = 33*w**3 + 5*w**2 - 3*w + 3. Let k = 46 + -43. Let r be q(k). Suppose -11*h = -h - r. What is the units digit of h?
3
Suppose 454004 = 259*o - 5693142 + 1183670. What is the thousands digit of o?
9
Suppose 15*d - 4 = 19*d. Let m be (116/(-8))/(-1*d/6). What is the tens digit of (-1 - m) + ((-30)/5 - -9)?
8
Let g be 3/4 - (-1077)/4. Suppose -11*a = -8*a - g. What is the tens digit of a?
9
Let i = 3663 - 2607. What is the hundreds digit of i?
0
Let v(z) = 43*z + 139. What is the tens digit of v(27)?
0
Suppose 0 = -4*l + 2*s + 9100 - 2098, 4*l - 3*s = 6997. What is the thousands digit of l?
1
Let b(k) = -219*k + 1329. What is the units digit of b(0)?
9
What is the hundreds digit of 252772/28 + (-680)/1190?
0
Let w be 16587/(-6) + 3/6. Let o = -1491 - w. What is the thousands digit of o?
1
Suppose -2*z = 3*d + z - 24, 4*z = 2*d + 2. Let b(y) = -y**2 + 6*y. Let q be b(d). Suppose q*k - 11*k = -870. What is the units digit of k?
5
Let m = 12315 + 5275. What is the tens digit of m?
9
Let w(d) be the second derivative of d**5/15 - d**4/8 + 2*d**3/3 - 3*d**2 + 21*d. Let u(v) be the first derivative of w(v). What is the units digit of u(-5)?
9
Suppose -9*w = 11*w + 4173 - 145913. What is the tens digit of w?
8
Let n(x) be the first derivative of 4*x - 4 + 5/3*x**3 + 7/2*x**2. What is the tens digit of n(6)?
2
Suppose -5*m = -2*w + 23, -m - 3 = -0. Suppose 13 = w*z + 29. What is the tens 